5*n + 247 + n**2 + 376 - 36*n. Calculate the remainder when i(0) is divided by 52.
51
Let x(i) = -i**3 + 2*i**2 - 5*i + 11. Let w be x(5). Let b = 149 - w. Calculate the remainder when b is divided by 40.
38
Let k be (1 - 0)*((4 - -55) + 1). Suppose 5*x = -k + 230. Suppose 55*r - x = 53*r. Calculate the remainder when r is divided by 9.
8
Let r = 6282 + -6258. What is the remainder when 40 is divided by r?
16
Let l(v) = 4*v + 2. Let m be l(1). Suppose m*n + 4 = 7*n. Suppose -3*j - n*c - c + 117 = 0, j = 4*c + 22. What is the remainder when 133 is divided by j?
31
Let i be 0/1*(-10)/20. Let b = 129 + -113. Calculate the remainder when b is divided by (-7 - i)*18/(-21).
4
Let h = -308 - -306. What is the remainder when 30 is divided by (h/4)/(10/(-160))?
6
Suppose -12256 = -5*k - g, -4*k - 741*g + 9805 = -740*g. What is the remainder when k is divided by 188?
7
Let b = 43397 - 43372. Let c(m) = 3*m - 2. Calculate the remainder when b is divided by c(2).
1
Suppose -12851*p - 195 = -12866*p. Calculate the remainder when 602 is divided by p.
4
Let j = -535 + 223. Calculate the remainder when 66 is divided by (j/195)/((-1)/10).
2
Let k(a) = 4*a**2 - 12*a + 12. Let u be -15 + 4 + (-4)/(-1) + 1. Calculate the remainder when k(u) is divided by 23.
21
Suppose 5*a - 152 = 3*o, -5*a - 5*o = -0*o - 120. Calculate the remainder when (-31450)/(-296) + (0 - (-1)/((-4)/(-3))) is divided by a.
23
Let f be (-3 + -1)/((-2)/(-233)). Let h = -445 - f. What is the remainder when 98 is divided by h?
14
Let s(u) = 16*u**3 - 3*u**2 + 4*u + 3. Let v(a) = -17*a**3 + 5*a**2 - 5*a - 4. Let b(y) = -3*s(y) - 2*v(y). Calculate the remainder when 65 is divided by b(-1).
9
Let z(b) = -44*b + 310. What is the remainder when z(4) is divided by 82?
52
Let t(j) = -5*j**3 - 7*j**2 - 4*j - 5. Let f = 705 + -708. Calculate the remainder when 292 is divided by t(f).
55
Let d be (7 + 0 - 4 - 2)*1009. Suppose -3*t + d = t + w, -5*w + 1250 = 5*t. What is the remainder when t is divided by 51?
49
Suppose 5 - 37 = -4*u + 4*q, 0 = -u - 4*q - 12. Let r be u/((-4)/51) - -1. Let y = r + 54. Calculate the remainder when 17 is divided by y.
1
Let a be ((-411)/12)/((-10)/40). Suppose 0 = -5*k - 2*m + a, -4*k - m = -114 + 2. Calculate the remainder when 111 is divided by k.
24
Let o(n) = 21*n + 1. Let j(i) = 4*i + 8. Let a be j(0). What is the remainder when o(2) is divided by a/((-16)/22)*-1?
10
Calculate the remainder when 100 is divided by (2/(-24))/(44/(-8976)).
15
Let s(v) = -93*v**2 - 4*v + 1. Let q be s(3). Let o = -564 - q. Let c = -12 - -23. What is the remainder when o is divided by c?
9
Let w = -233 - -577. Let r = -120 + w. Suppose 3*f = 3*s - 147, 2*f = -4*s + 4*f + 188. Calculate the remainder when r is divided by s.
44
Suppose 1865*f = 1845*f + 546540. What is the remainder when f is divided by 30?
27
Let u = 456 + -265. Let k = u - 96. What is the remainder when k is divided by 14?
11
Suppose -b + 4*b + 2864 = 2*d, -2*b - 2858 = -2*d. What is the remainder when d is divided by 16?
15
Let i(p) = -25*p**3 - p**2 - 4. Let u be i(2). Let m = -108 - u. Calculate the remainder when m is divided by 30.
10
Suppose -2*d - 166 = 3*m, -34*d = -2*m - 30*d - 84. Let c = m - -80. What is the remainder when 195 is divided by c?
27
Let b = -1241 - -1346. Calculate the remainder when b is divided by 92.
13
Suppose -30*c + 8 + 2134 = 4*c. What is the remainder when 6422 is divided by c?
59
Suppose -206 = -2*w - 3*z + 49, -498 = -4*w - 2*z. Calculate the remainder when 260 is divided by w.
14
Suppose 0*w - 39 = -w. Let u = -21 - -54. Let j = u + 82. Calculate the remainder when j is divided by w.
37
Suppose 3*z = 5*i - 217, 3*i - 105 = -4*z + 2. Suppose -o + 0*o + 23 = 0. Let h = i - o. What is the remainder when 50 is divided by h?
14
Suppose -42*x = -46*x + 152. Calculate the remainder when (-1*13 - -1)*(-40 + x) is divided by 7.
3
Let o = -307 + 177. Let s = o - -180. What is the remainder when 95 is divided by s?
45
Calculate the remainder when (12 - 26) + 15 + 831 is divided by 83.
2
Let r(s) = 2*s**2 + 8*s - 21. Let q be r(7). Let k = -93 + q. Calculate the remainder when k is divided by -1*66/(1*-3).
18
Let i(s) = s + 10. Let k be i(10). Suppose 81*r = 101*r - 1000. Suppose -22*j + r = -k*j. Calculate the remainder when 96 is divided by j.
21
Suppose -4*x = 3*y - 153, -2*y + 0*x + 102 = 2*x. What is the remainder when (39 + (-8200)/240 - 2/(-12)) + 109 is divided by y?
12
What is the remainder when 153/5*2870/246 is divided by 134?
89
Suppose 0 = 4*m - 4*w - 988, 59 = -5*m - 4*w + 1240. What is the remainder when m is divided by 124?
117
Suppose 15*k - 1770 = -0*k. What is the remainder when 481 is divided by k?
9
What is the remainder when 16605/(-18)*(-20)/45 is divided by 61?
44
Let l(o) be the third derivative of -22*o**2 + 0*o - 3/8*o**4 + 1/120*o**6 + 0 + 2*o**3 - 2/15*o**5. Calculate the remainder when 35 is divided by l(9).
11
Suppose 3972 + 36008 = 2*t + b, 2*b = -5*t + 99951. What is the remainder when t is divided by 42?
41
Let y(h) = 21*h + 1476. Calculate the remainder when y(-52) is divided by 78.
72
Let c = -52 - -73. What is the remainder when -8 + (-2782)/130*-5 is divided by c?
15
Let r = 265 - 204. Calculate the remainder when r is divided by 12.
1
Let x(h) = 12*h - 18. Let g be x(5). Let p = -3 + g. Calculate the remainder when p is divided by (-14)/(-2)*(0 + 1).
4
Let m be (6/(3/(-1)))/(-1). Suppose 0 = m*h - h - 8. Let o = -197 + 208. What is the remainder when o is divided by h?
3
Suppose 7374*y + 376 = 7382*y. What is the remainder when y is divided by (-117)/6*(-4)/6?
8
What is the remainder when 1648 is divided by (3 - 1)/(((-129)/688)/((-3)/4))?
0
Suppose -4008 = -3*w - 3*z - 933, 0 = -5*w - 4*z + 5122. What is the remainder when w is divided by 74?
60
Suppose -32681 + 96958 = 199*v. Calculate the remainder when 657 is divided by v.
11
Let p(t) = t**3 - 17*t**2 - 51*t - 143. What is the remainder when 95 is divided by p(20)?
21
Suppose -4*v = -4*b + 189 - 65, -5*v = 3*b - 53. Let a = 71 - 99. Calculate the remainder when b is divided by (a/(-10))/((-4)/(-20)).
12
Suppose 10145 + 32795 = 226*u. Let l = -44 + 84. What is the remainder when u is divided by l?
30
Suppose 24 - 133 = -4*f - 5*r, -5*r - 38 = -3*f. What is the remainder when (1140/(-266))/(-2 + (-159)/(-84)) is divided by f?
19
Let i be -2 + (-60)/(-33) - (-46)/11. Let y be 52*(-7)/(-21)*6/i. Suppose -2*w = 10 - y. What is the remainder when 29 is divided by w?
5
Suppose -6*p = -20 + 2. Suppose 13*v - p*v = -0*v. Suppose 0 = 3*a + 4*o - 54 - 37, 4*a - 2*o - 136 = v. Calculate the remainder when 130 is divided by a.
31
Let m be (-162 - -157)*1556/(-10). Let z = 788 - m. Suppose 5*p - 52 - 185 = -3*y, -2*y + 238 = 5*p. Calculate the remainder when p is divided by z.
8
Suppose -21*z + 203 = 8*z. Suppose 21 = z*u - 119. Let g = -14 - -26. Calculate the remainder when u is divided by g.
8
What is the remainder when (2/(-8) + 30/(-24))/(6/(-1096)) is divided by 23?
21
Suppose -23*f - 165*f = 39*f - 1816. Suppose -5*v = -j + 27 + 2, 5*v = -2*j - 2. What is the remainder when 573/j + 4/(-6) is divided by f?
7
Let j(z) = -19*z**3 - 28*z**2 - 103*z - 26. What is the remainder when j(-7) is divided by 27?
8
Let c(w) = 38*w + 32. Suppose -39*y + 190 = -y. Calculate the remainder when c(y) is divided by 15.
12
Suppose 2*b - 32 = -3*z, -2*b + 16 = 2*z + 2*b. Let s = 50 - 51. Calculate the remainder when (s + 4)/((-54)/(-828)) is divided by z.
10
Suppose i = 13 - 8. Suppose 0 = -i*o + 18 + 37. Calculate the remainder when (-3 - -4)*142 - 1 is divided by o.
9
Suppose 498 = 6*u - 12. Suppose u = 3*t + 5*a, 5*a - 50 + 40 = 0. Let f(c) = c**3 + c**2 + 1. Calculate the remainder when t is divided by f(2).
12
Suppose -933 = 2*g + 25*g - 5388. What is the remainder when g is divided by 3?
0
Let f = -9 - -113. Let p = 37 + f. Suppose -d + 159 = -3*w, 4*w + p = d + 7*w. What is the remainder when d is divided by 38?
36
Suppose -3*s + 5*b = -1168, -19*b + 21*b + 1180 = 3*s. Calculate the remainder when s is divided by 21.
18
Let q be (-1 + -5)*(-8)/(-24). Let z(l) = -14*l - 3 - 14*l + 16*l. Calculate the remainder when 35 is divided by z(q).
14
Let o(g) = 2*g - 11*g - 6 - 6*g + 6*g**2 - 3*g**2. Let z be o(12). Calculate the rema